is divided by 10?
7
Calculate the remainder when 540 is divided by 94.
70
Calculate the remainder when 4524 is divided by 138.
108
Calculate the remainder when 100 is divided by 63.
37
Calculate the remainder when 2293 is divided by 14.
11
Calculate the remainder when 396 is divided by 57.
54
What is the remainder when 111 is divided by 24?
15
Calculate the remainder when 834 is divided by 826.
8
What is the remainder when 554 is divided by 88?
26
What is the remainder when 1669 is divided by 19?
16
Calculate the remainder when 82 is divided by 14.
12
Calculate the remainder when 574 is divided by 32.
30
Calculate the remainder when 767 is divided by 19.
7
Calculate the remainder when 159 is divided by 49.
12
Calculate the remainder when 3075 is divided by 162.
159
What is the remainder when 132 is divided by 52?
28
Calculate the remainder when 66 is divided by 3.
0
What is the remainder when 275 is divided by 136?
3
What is the remainder when 931 is divided by 863?
68
Calculate the remainder when 629 is divided by 42.
41
What is the remainder when 16272 is divided by 17?
3
Calculate the remainder when 14314 is divided by 3576.
10
Calculate the remainder when 131 is divided by 19.
17
Calculate the remainder when 1186 is divided by 66.
64
What is the remainder when 660 is divided by 13?
10
Calculate the remainder when 1441 is divided by 59.
25
Calculate the remainder when 2147 is divided by 536.
3
What is the remainder when 328 is divided by 156?
16
What is the remainder when 103 is divided by 36?
31
Calculate the remainder when 789 is divided by 36.
33
Calculate the remainder when 232 is divided by 16.
8
What is the remainder when 60 is divided by 56?
4
What is the remainder when 46 is divided by 3?
1
Calculate the remainder when 163 is divided by 28.
23
What is the remainder when 174 is divided by 6?
0
Calculate the remainder when 141 is divided by 31.
17
What is the remainder when 433 is divided by 82?
23
What is the remainder when 427 is divided by 44?
31
Calculate the remainder when 74 is divided by 20.
14
What is the remainder when 403 is divided by 103?
94
What is the remainder when 401 is divided by 29?
24
Calculate the remainder when 486 is divided by 71.
60
What is the remainder when 193 is divided by 98?
95
What is the remainder when 2266 is divided by 27?
25
Calculate the remainder when 1725 is divided by 191.
6
Calculate the remainder when 1160 is divided by 83.
81
What is the remainder when 2231 is divided by 117?
8
What is the remainder when 261 is divided by 66?
63
What is the remainder when 342 is divided by 111?
9
Calculate the remainder when 2218 is divided by 735.
13
What is the remainder when 19 is divided by 18?
1
Calculate the remainder when 1866 is divided by 55.
51
What is the remainder when 53 is divided by 32?
21
Calculate the remainder when 120 is divided by 26.
16
Calculate the remainder when 380 is divided by 6.
2
Calculate the remainder when 177 is divided by 96.
81
What is the remainder when 170 is divided by 35?
30
What is the remainder when 563 is divided by 30?
23
Calculate the remainder when 1740 is divided by 109.
105
Calculate the remainder when 63573 is divided by 38.
37
Calculate the remainder when 317 is divided by 80.
77
Calculate the remainder when 425 is divided by 13.
9
Calculate the remainder when 1377 is divided by 69.
66
Calculate the remainder when 579 is divided by 557.
22
Calculate the remainder when 24592 is divided by 13.
9
Calculate the remainder when 148 is divided by 34.
12
Calculate the remainder when 3759 is divided by 198.
195
What is the remainder when 21499 is divided by 28?
23
Calculate the remainder when 722 is divided by 121.
117
Calculate the remainder when 630 is divided by 87.
21
Calculate the remainder when 816 is divided by 169.
140
What is the remainder when 133 is divided by 117?
16
What is the remainder when 127 is divided by 42?
1
Calculate the remainder when 67 is divided by 24.
19
What is the remainder when 70 is divided by 11?
4
What is the remainder when 947 is divided by 15?
2
What is the remainder when 879 is divided by 54?
15
Calculate the remainder when 48 is divided by 13.
9
Calculate the remainder when 507 is divided by 102.
99
What is the remainder when 1697 is divided by 100?
97
What is the remainder when 1324 is divided by 78?
76
Calculate the remainder when 23 is divided by 16.
7
What is the remainder when 141 is divided by 24?
21
Calculate the remainder when 969 is divided by 189.
24
What is the remainder when 1161 is divided by 30?
21
What is the remainder when 165 is divided by 45?
30
What is the remainder when 5352 is divided by 206?
202
Calculate the remainder when 151 is divided by 76.
75
What is the remainder when 59 is divided by 50?
9
Calculate the remainder when 3253 is divided by 17.
6
What is the remainder when 1113 is divided by 371?
0
What is the remainder when 10551 is divided by 28?
23
Calculate the remainder when 577 is divided by 140.
17
Calculate the remainder when 235 is divided by 32.
11
What is the remainder when 1252 is divided by 250?
2
Calculate the remainder when 145 is divided by 73.
72
What is the remainder when 403 is divided by 203?
200
What is the remainder when 137 is divided by 50?
37
Calculate the remainder when 3783 is divided by 292.
279
Calculate the remainder when 511 is divided by 180.
151
Calculate the remainder when 123 is divided by 25.
23
Calculate the remainder when 1498 is divided by 101.
84
What is the remainder when 1071 is divided by 7?
0
Calculate the remainder when 891 is divided by 56.
51
Calculate the remainder when 10301 is divided by 101.
100
What is the remainder when 180 is divided by 34?
10
Calculate the remainder when 125 is divided by 54.
17
What is the remainder when 696 is divided by 100?
96
What is the remainder when 284 is divided by 78?
50
Calculate the remainder when 359 is divided by 43.
15
Calculate the remainder when 1172 is divided by 27.
11
Calculate the remainder when 21 is divided by 11.
10
Calculate the remainder when 12325 is divided by 268.
265
What is the remainder when 795 is divided by 424?
371
What is the remainder when 135 is divided by 24?
15
What is the remainder when 811 is divided by 22?
19
What is the remainder when 2420 is divided by 67?
8
What is the remainder when 1046 is divided by 8?
6
Calculate the remainder when 542 is divided by 137.
131
What is the remainder when 128 is divided by 70?
58
What is the remainder when 1724 is divided by 1716?
8
Calculate the remainder when 369 is divided by 17.
12
What is the remainder when 1309 is divided by 219?
214
What is the remainder when 1272 is divided by 49?
47
Calculate the remainder when 183 is divided by 23.
22
What is the remainder when 2560 is divided by 171?
166
Calculate the remainder when 4485 is divided by 44.
41
What is the remainder when 679 is divided by 10?
9
Calculate the remainder when 300 is divided by 43.
42
What is the remainder when 134 is divided by 21?
8
What is the remainder when 4996 is divided by 21?
19
What is the remainder when 81 is divided by 23?
12
What is the remainder when 94 is divided by 9?
4
What is the remainder when 521 is divided by 132?
125
Calculate the remainder when 344 is divided by 35.
29
Calculate the remainder when 187 is divided by 179.
8
Calculate the remainder when 12 is divided by 3.
0
Calculate the remainder when 215 is divided by 64.
23
Calculate the remainder when 94 is divided by 43.
8
Calculate the remainder when 121 is divided by 75.
46
What is the remainder when 591 is divided by 66?
63
Calculate the remainder when 1331 is divided by 271.
247
What is the remainder when 103 is divided by 55?
48
Calculate the remainder when 441 is divided by 26.
25
Calculate the remainder when 232 is divided by 14.
8
Calculate the remainder when 2675 is divided by 103.
100
What is the remainder when 15 is divided by 8?
7
What is the remainder when 132 is divided by 45?
42
Calculate the remainder when 1663 is divided by 14.
11
What is the remainder when 838 is divided by 134?
34
What is the remainder when 178 is divided by 19?
7
What is the remainder when 1974 is divided by 133?
112
What is the remainder when 1742 is divided by 1729?
13
Calculate the remainder when 233 is divided by 18.
1